{"id":52,"date":"2025-03-31T13:59:59","date_gmt":"2025-03-31T11:59:59","guid":{"rendered":"https:\/\/www.levandulafest.sk\/?page_id=52"},"modified":"2026-04-26T21:36:35","modified_gmt":"2026-04-26T19:36:35","slug":"hostia-levandula-fest-2026","status":"publish","type":"page","link":"https:\/\/www.levandulafest.sk\/hostia-levandula-fest-2026\/","title":{"rendered":"HOSTIA LEVANDU\u013dA FEST 2026"},"content":{"rendered":"\n<p class=\"has-white-color has-text-color has-link-color wp-elements-4c075aaebcc2035f6e75427ab0224eae\"><strong><a href=\"https:\/\/www.levandulafest.sk\/hostia-levandula-fest-2026\/\" data-type=\"page\" data-id=\"52\">Hostia Levandu\u013ea Fest<\/a><\/strong><\/p>\n\n\n\n<p class=\"has-medium-font-size\">Hostia Levandu\u013ea Fest 2026 bud\u00fa aj Va\u0161i ob\u013e\u00faben\u00fd herci zo seri\u00e1lu 80. rokov a tak sa m\u00f4\u017eete te\u0161i\u0165 na autogrami\u00e1du a spolo\u010dn\u00e9 fotenie.<\/p>\n\n\n\n<figure class=\"wp-block-image size-large\"><img loading=\"lazy\" decoding=\"async\" width=\"819\" height=\"1024\" src=\"https:\/\/www.levandulafest.sk\/wp-content\/uploads\/2026\/04\/Interpreti-2026-4-819x1024.png\" alt=\"\" class=\"wp-image-803\" srcset=\"https:\/\/www.levandulafest.sk\/wp-content\/uploads\/2026\/04\/Interpreti-2026-4-819x1024.png 819w, https:\/\/www.levandulafest.sk\/wp-content\/uploads\/2026\/04\/Interpreti-2026-4-240x300.png 240w, https:\/\/www.levandulafest.sk\/wp-content\/uploads\/2026\/04\/Interpreti-2026-4-768x960.png 768w, https:\/\/www.levandulafest.sk\/wp-content\/uploads\/2026\/04\/Interpreti-2026-4-600x750.png 600w, https:\/\/www.levandulafest.sk\/wp-content\/uploads\/2026\/04\/Interpreti-2026-4.png 1080w\" sizes=\"auto, (max-width: 819px) 100vw, 819px\" \/><\/figure>\n\n\n\n<figure class=\"wp-block-image size-large\"><img loading=\"lazy\" decoding=\"async\" width=\"819\" height=\"1024\" src=\"https:\/\/www.levandulafest.sk\/wp-content\/uploads\/2026\/04\/Interpreti-2026-819x1024.png\" alt=\"\" class=\"wp-image-840\" srcset=\"https:\/\/www.levandulafest.sk\/wp-content\/uploads\/2026\/04\/Interpreti-2026-819x1024.png 819w, https:\/\/www.levandulafest.sk\/wp-content\/uploads\/2026\/04\/Interpreti-2026-240x300.png 240w, https:\/\/www.levandulafest.sk\/wp-content\/uploads\/2026\/04\/Interpreti-2026-768x960.png 768w, https:\/\/www.levandulafest.sk\/wp-content\/uploads\/2026\/04\/Interpreti-2026-600x750.png 600w, https:\/\/www.levandulafest.sk\/wp-content\/uploads\/2026\/04\/Interpreti-2026.png 1080w\" sizes=\"auto, (max-width: 819px) 100vw, 819px\" \/><\/figure>\n\n\n\n<figure class=\"wp-block-image size-large\"><img loading=\"lazy\" decoding=\"async\" width=\"819\" height=\"1024\" src=\"https:\/\/www.levandulafest.sk\/wp-content\/uploads\/2026\/04\/2-819x1024.png\" alt=\"\" class=\"wp-image-556\" srcset=\"https:\/\/www.levandulafest.sk\/wp-content\/uploads\/2026\/04\/2-819x1024.png 819w, https:\/\/www.levandulafest.sk\/wp-content\/uploads\/2026\/04\/2-600x750.png 600w, https:\/\/www.levandulafest.sk\/wp-content\/uploads\/2026\/04\/2-240x300.png 240w, https:\/\/www.levandulafest.sk\/wp-content\/uploads\/2026\/04\/2-768x960.png 768w, https:\/\/www.levandulafest.sk\/wp-content\/uploads\/2026\/04\/2.png 1080w\" sizes=\"auto, (max-width: 819px) 100vw, 819px\" \/><\/figure>\n\n\n\n<figure class=\"wp-block-image size-large\"><img loading=\"lazy\" decoding=\"async\" width=\"819\" height=\"1024\" src=\"https:\/\/www.levandulafest.sk\/wp-content\/uploads\/2026\/04\/3-819x1024.png\" alt=\"\" class=\"wp-image-557\" srcset=\"https:\/\/www.levandulafest.sk\/wp-content\/uploads\/2026\/04\/3-819x1024.png 819w, https:\/\/www.levandulafest.sk\/wp-content\/uploads\/2026\/04\/3-600x750.png 600w, https:\/\/www.levandulafest.sk\/wp-content\/uploads\/2026\/04\/3-240x300.png 240w, https:\/\/www.levandulafest.sk\/wp-content\/uploads\/2026\/04\/3-768x960.png 768w, https:\/\/www.levandulafest.sk\/wp-content\/uploads\/2026\/04\/3.png 1080w\" sizes=\"auto, (max-width: 819px) 100vw, 819px\" \/><\/figure>\n\n\n\n<figure class=\"wp-block-image size-large\"><img loading=\"lazy\" decoding=\"async\" width=\"819\" height=\"1024\" src=\"https:\/\/www.levandulafest.sk\/wp-content\/uploads\/2026\/04\/5-819x1024.png\" alt=\"\" class=\"wp-image-559\" srcset=\"https:\/\/www.levandulafest.sk\/wp-content\/uploads\/2026\/04\/5-819x1024.png 819w, https:\/\/www.levandulafest.sk\/wp-content\/uploads\/2026\/04\/5-600x750.png 600w, https:\/\/www.levandulafest.sk\/wp-content\/uploads\/2026\/04\/5-240x300.png 240w, https:\/\/www.levandulafest.sk\/wp-content\/uploads\/2026\/04\/5-768x960.png 768w, https:\/\/www.levandulafest.sk\/wp-content\/uploads\/2026\/04\/5.png 1080w\" sizes=\"auto, (max-width: 819px) 100vw, 819px\" \/><\/figure>\n\n\n\n<figure class=\"wp-block-image size-large\"><img loading=\"lazy\" decoding=\"async\" width=\"819\" height=\"1024\" src=\"https:\/\/www.levandulafest.sk\/wp-content\/uploads\/2026\/04\/4-1-819x1024.png\" alt=\"\" class=\"wp-image-566\" srcset=\"https:\/\/www.levandulafest.sk\/wp-content\/uploads\/2026\/04\/4-1-819x1024.png 819w, https:\/\/www.levandulafest.sk\/wp-content\/uploads\/2026\/04\/4-1-600x750.png 600w, https:\/\/www.levandulafest.sk\/wp-content\/uploads\/2026\/04\/4-1-240x300.png 240w, https:\/\/www.levandulafest.sk\/wp-content\/uploads\/2026\/04\/4-1-768x960.png 768w, https:\/\/www.levandulafest.sk\/wp-content\/uploads\/2026\/04\/4-1.png 1080w\" sizes=\"auto, (max-width: 819px) 100vw, 819px\" \/><\/figure>\n\n\n\n<figure class=\"wp-block-image size-large\"><img loading=\"lazy\" decoding=\"async\" width=\"819\" height=\"1024\" src=\"https:\/\/www.levandulafest.sk\/wp-content\/uploads\/2026\/04\/Interpreti-2026-1-819x1024.png\" alt=\"\" class=\"wp-image-842\" srcset=\"https:\/\/www.levandulafest.sk\/wp-content\/uploads\/2026\/04\/Interpreti-2026-1-819x1024.png 819w, https:\/\/www.levandulafest.sk\/wp-content\/uploads\/2026\/04\/Interpreti-2026-1-240x300.png 240w, https:\/\/www.levandulafest.sk\/wp-content\/uploads\/2026\/04\/Interpreti-2026-1-768x960.png 768w, https:\/\/www.levandulafest.sk\/wp-content\/uploads\/2026\/04\/Interpreti-2026-1-600x750.png 600w, https:\/\/www.levandulafest.sk\/wp-content\/uploads\/2026\/04\/Interpreti-2026-1.png 1080w\" sizes=\"auto, (max-width: 819px) 100vw, 819px\" \/><\/figure>\n\n\n\n<figure class=\"wp-block-image size-large\"><img loading=\"lazy\" decoding=\"async\" width=\"819\" height=\"1024\" src=\"https:\/\/www.levandulafest.sk\/wp-content\/uploads\/2026\/04\/7-819x1024.png\" alt=\"\" class=\"wp-image-561\" srcset=\"https:\/\/www.levandulafest.sk\/wp-content\/uploads\/2026\/04\/7-819x1024.png 819w, https:\/\/www.levandulafest.sk\/wp-content\/uploads\/2026\/04\/7-600x750.png 600w, https:\/\/www.levandulafest.sk\/wp-content\/uploads\/2026\/04\/7-240x300.png 240w, https:\/\/www.levandulafest.sk\/wp-content\/uploads\/2026\/04\/7-768x960.png 768w, https:\/\/www.levandulafest.sk\/wp-content\/uploads\/2026\/04\/7.png 1080w\" sizes=\"auto, (max-width: 819px) 100vw, 819px\" \/><\/figure>\n\n\n\n<figure class=\"wp-block-image size-large\"><img loading=\"lazy\" decoding=\"async\" width=\"819\" height=\"1024\" src=\"https:\/\/www.levandulafest.sk\/wp-content\/uploads\/2026\/04\/8-819x1024.png\" alt=\"\" class=\"wp-image-562\" srcset=\"https:\/\/www.levandulafest.sk\/wp-content\/uploads\/2026\/04\/8-819x1024.png 819w, https:\/\/www.levandulafest.sk\/wp-content\/uploads\/2026\/04\/8-600x750.png 600w, https:\/\/www.levandulafest.sk\/wp-content\/uploads\/2026\/04\/8-240x300.png 240w, https:\/\/www.levandulafest.sk\/wp-content\/uploads\/2026\/04\/8-768x960.png 768w, https:\/\/www.levandulafest.sk\/wp-content\/uploads\/2026\/04\/8.png 1080w\" sizes=\"auto, (max-width: 819px) 100vw, 819px\" \/><\/figure>\n\n\n\n<p><\/p>\n","protected":false},"excerpt":{"rendered":"<p>Hostia Levandu\u013ea Fest Hostia Levandu\u013ea Fest 2026 bud\u00fa aj Va\u0161i ob\u013e\u00faben\u00fd herci zo seri\u00e1lu 80. rokov a tak sa m\u00f4\u017eete te\u0161i\u0165 na autogrami\u00e1du a spolo\u010dn\u00e9 fotenie.<\/p>\n","protected":false},"author":1,"featured_media":0,"parent":0,"menu_order":0,"comment_status":"closed","ping_status":"closed","template":"","meta":{"footnotes":""},"class_list":["post-52","page","type-page","status-publish","hentry"],"_links":{"self":[{"href":"https:\/\/www.levandulafest.sk\/wp-json\/wp\/v2\/pages\/52","targetHints":{"allow":["GET"]}}],"collection":[{"href":"https:\/\/www.levandulafest.sk\/wp-json\/wp\/v2\/pages"}],"about":[{"href":"https:\/\/www.levandulafest.sk\/wp-json\/wp\/v2\/types\/page"}],"author":[{"embeddable":true,"href":"https:\/\/www.levandulafest.sk\/wp-json\/wp\/v2\/users\/1"}],"replies":[{"embeddable":true,"href":"https:\/\/www.levandulafest.sk\/wp-json\/wp\/v2\/comments?post=52"}],"version-history":[{"count":41,"href":"https:\/\/www.levandulafest.sk\/wp-json\/wp\/v2\/pages\/52\/revisions"}],"predecessor-version":[{"id":844,"href":"https:\/\/www.levandulafest.sk\/wp-json\/wp\/v2\/pages\/52\/revisions\/844"}],"wp:attachment":[{"href":"https:\/\/www.levandulafest.sk\/wp-json\/wp\/v2\/media?parent=52"}],"curies":[{"name":"wp","href":"https:\/\/api.w.org\/{rel}","templated":true}]}}